
Suppose -4 = -w - 1. Suppose -5*m + h = -3*m - 11, 0 = -w*m + 3*h + 12. Let l(n) = -3*n - 7. What is the remainder when l(-6) is divided by m?
4
Suppose -24 = -2*b + 3*v, -11*v = -3*b - 7*v + 35. Calculate the remainder when 95 is divided by b.
5
Let t = 166 - 113. Let y = 64 + -46. Calculate the remainder when t is divided by y.
17
Let j(v) = 46*v + 48. Calculate the remainder when j(9) is divided by 16.
14
Let w be 21*(1 - 0)/(-1). Calculate the remainder when 70 is divided by 21/2*(-36)/w.
16
Suppose 989 + 1339 = 24*l. Let g = 10 - -10. Calculate the remainder when l is divided by g.
17
Let j be (-50)/275 - 378/(-22). Suppose 3*u + 966 = j*u. Calculate the remainder when u is divided by 24.
21
Let b = -76 + 47. Let t = b - -34. What is the remainder when t is divided by 4?
1
Let h(j) = -3*j**2 - 56*j - 69. Let l(t) = -t**2 - 19*t - 23. Let o(r) = -6*h(r) + 17*l(r). What is the remainder when o(-14) is divided by 10?
7
Suppose 401 = 6*x + 77. Calculate the remainder when 221 is divided by x.
5
Suppose -56*d = -60*d + 20. Let f(c) = -3*c**2 + 3*c + 2 + c + 2*c**2. What is the remainder when d is divided by f(4)?
1
Suppose -3*a + 18 = 3*c - 36, 66 = 3*c - a. Calculate the remainder when c is divided by 18.
3
Suppose 0 = -3*r + 3*k + 243, 2*k + k = -3*r + 225. Let x = 6 - -21. Calculate the remainder when r is divided by x.
24
Suppose 3*r = -4*n + 47, -5*r = 3*n - 6*n + 57. Let y = 41 + -44. Let o = 5 - y. Calculate the remainder when n is divided by o.
6
Let s = 1254 + -1118. What is the remainder when s is divided by 38?
22
Let d(x) = x**2 - 2*x - 4. Let l be (-1 + (-12)/(-8))*2. Let v = -4 + l. Calculate the remainder when 32 is divided by d(v).
10
Suppose -11*s - 856 + 1065 = 0. Calculate the remainder when 213 is divided by s.
4
Let w = 43 + -37. Suppose 0 = t - w - 3. What is the remainder when 43 is divided by t?
7
Suppose 3*l + 2*l = 20. Let f(n) = -n**3 + 9*n + 20. Let s be f(-5). Suppose -84 - s = -l*h. Calculate the remainder when h is divided by 16.
14
Suppose -3*y + 3*w = -30, -7*w + 3*w - 8 = 0. What is the remainder when 66 is divided by (-42 + 0)/(-2) + y/4?
20
Suppose 2*v + 3*x - 542 = x, -4*x - 20 = 0. Suppose 5*w - 705 = 3*r, -2*r = 3*w - 166 - v. Calculate the remainder when ((-26)/(-6))/(8/w) is divided by 20.
18
Let w(h) = h - 1. Let l be w(-14). Let n be (-6)/(3/(l/2)). Calculate the remainder when 60 + (-6)/n*-5 is divided by 16.
14
Let v(s) = -s**2 + s - 8. Let h be v(-6). Let w = h - -32. What is the remainder when 4/w - (-778)/18 is divided by 11?
10
Suppose -4 + 0 = -2*p. Suppose 8 = g - p. Suppose -15 = g*f - 15*f. What is the remainder when 4 is divided by f?
1
Suppose 0 = 3*u - 23 - 19. Calculate the remainder when 94 is divided by u.
10
Suppose -10*q + 6*q + 1128 = 0. Calculate the remainder when q is divided by 15.
12
Let y(w) = -w**3 - 4*w**2 + 4*w + 6. Let z be y(-5). Suppose 0 = 9*i - z*i + 134. Calculate the remainder when i is divided by 17.
16
Suppose 3*c = 4*c - 14. Let b = 23 + 29. What is the remainder when 0/(-1) - (-1 - b) is divided by c?
11
Let q(n) = -3*n + 36. Let z be q(11). Let d = 12 - z. What is the remainder when 53 is divided by d?
8
Suppose -274 = -5*j - 3*x, x + 103 = -69*j + 71*j. Let c = 133 - 75. Suppose 0 = -5*w + 12 + c. Calculate the remainder when j is divided by w.
11
Suppose -5*a + 2*z = -2600, 4*a - a + z = 1549. Calculate the remainder when a is divided by 31.
22
What is the remainder when -887*(-10 + 17 - 8) is divided by 24?
23
Let k be -1*1 - (15 - 37). Suppose -2*m = -4*m + 2, -2*d = 3*m + k. What is the remainder when 187/4 - 3/d is divided by 24?
23
Let w be (13176/(-15))/(-9) + 2/5. Let x = -53 + w. Calculate the remainder when x is divided by 24.
21
Let l(j) = j**2 - j - 9. Let b be l(4). Suppose b*s + 39 = 3*m, 3*m - s = 33 + 10. Calculate the remainder when m is divided by 9.
6
Let n = -3809 - -3862. Let k(s) = -6*s - 6. What is the remainder when n is divided by k(-4)?
17
Suppose -5*v + 2*o + 0*o + 11 = 0, 2*v - 2*o = 2. Suppose v*i = 3*q + 204, 6*q = 2*q - 5*i - 263. What is the remainder when (q/4)/((-2)/8) is divided by 17?
16
Let d(m) be the first derivative of 5*m**2/2 - m - 10. What is the remainder when 14 is divided by d(2)?
5
Let l(n) be the third derivative of -n**6/24 - n**5/15 - n**3/3 - 3*n**2. What is the remainder when l(-3) is divided by (2/(-3))/((-14)/525)?
22
Let o = 1911 + -1835. Calculate the remainder when o is divided by 21.
13
Suppose 3*t = 2*m + 10 + 2, 2*m + 12 = -3*t. Let k(u) = -u**2 - 12*u - 1. Calculate the remainder when k(m) is divided by 12.
11
Let s(v) = 14*v + 547. What is the remainder when 84 is divided by s(-37)?
26
Let j be (-483)/46 + 6/(-4). Let r = j + 45. Calculate the remainder when r is divided by 6.
3
Suppose -2*c + 77 = -v, -3*v - 60 = c - 81. Calculate the remainder when 117 is divided by c.
9
Let q = -874 - -948. What is the remainder when q is divided by 9?
2
Suppose 2*s - 9 - 5 = 4*u, 11 = -3*u + 2*s. What is the remainder when (3/(3 + 3))/(u/(-450)) is divided by 39?
36
Let w(u) be the first derivative of -u**2/2 + 2*u - 4. Let s be w(0). Suppose s*x - 32 - 2 = 0. What is the remainder when x is divided by 5?
2
Let m(n) = -n**2 + 49*n - 289. What is the remainder when m(7) is divided by 1?
0
Suppose 0 = 7*q - q - 12. Suppose q*l = l + 14. Calculate the remainder when 41 is divided by l.
13
Let f(g) = 39*g + 3. Let m be f(3). Let o = -328 - -396. Let n = m - o. Calculate the remainder when n is divided by 11.
8
Suppose 114*y = 89*y + 1775. Calculate the remainder when 418 is divided by y.
63
Let n be 70/(-15)*3/(-2) - 1. Suppose n*v - 671 = 247. What is the remainder when v is divided by 39?
36
Let k(z) = 37*z - 1. What is the remainder when k(3) is divided by 35*(-7 + (-351)/(-45))?
26
Suppose 5*h = 3*w - 12, -4*w - 2 + 18 = -h. Suppose -79 = -4*i - 3*s, w*i + s - 3*s - 54 = 0. What is the remainder when i is divided by (6/(-2))/(2/(-6))?
7
Suppose d = 5*k - 237, -5*k = -3*k + 4*d - 86. Calculate the remainder when 230 is divided by k.
42
Suppose 3*w - 1861 = 2*i, 18*w - 17*w + 4*i = 625. What is the remainder when w is divided by 35?
26
Let j = 19837 + -19802. Suppose 0*q - 62 = -3*a - q, 4*a - 81 = -q. What is the remainder when j is divided by a?
16
Let u(w) be the third derivative of 13*w**6/120 - w**5/30 - w**4/8 + 5*w**3/6 - 35*w**2. What is the remainder when 34 is divided by u(1)?
8
Let w(q) = 6*q - 53. Calculate the remainder when 26 is divided by w(10).
5
Let s = -206 - -282. Calculate the remainder when s is divided by 75.
1
Let r = 36 + 35. What is the remainder when 206 is divided by r?
64
Let d = 113 + -99. Let n(r) = 12*r**2 - 10*r - 15. Calculate the remainder when n(-2) is divided by d.
11
Let r = -4 + 22. Let m be (-4)/18 - (-58)/r. Let z(j) = 2*j**3 - 2*j**2 + j - 4. What is the remainder when z(m) is divided by 9?
8
Let d = -296 + 336. Let x(c) = -3*c + 2. Let k be x(3). Let n(a) = -a**3 - 8*a**2 - 10*a. What is the remainder when d is divided by n(k)?
19
What is the remainder when ((-168)/18)/(2/(-33)) is divided by 40?
34
Suppose -103 = -3*g - 2*a, -3*g = -5*g + a + 57. Calculate the remainder when g is divided by 11.
9
Suppose 4*d - 16 = -s + 2*s, 2*s + 12 = 4*d. Calculate the remainder when d is divided by 51 + -43 - (6/2 - -1).
1
Calculate the remainder when ((-9)/(162/24))/(2/(-294)) is divided by 34.
26
Suppose 0 = -4*w + 164 - 152. Suppose -885 = w*o - 8*o. What is the remainder when o is divided by 46?
39
Let p = -42 - -44. Suppose -2*m - 2*m = -2*z - 6, p*m - 8 = 0. Calculate the remainder when 12 is divided by z.
2
Let c = 91 - 46. Suppose -6*a = -5*a - c. Calculate the remainder when 133 is divided by a.
43
Let v be ((-2)/5)/(2/(-460)). Let b be 2/(-3) - v/(-12). Suppose -11*p = -b*p - 168. Calculate the remainder when p is divided by 11.
9
Suppose -66 = -2*h + 12. Let u(s) = -s**3 + 25*s**2 + 26*s + 13. What is the remainder when h is divided by u(26)?
0
Suppose v = -0*v + 83. Calculate the remainder when v is divided by 65/5*2 + 2.
27
What is the remainder when 336 is divided by 2/(-17) + (2305/85 - 22)?
1
Suppose 21*n + 1660 = 26*n. What is the remainder when n is divided by 8?
4
Let c = -918 - -931. What is the remainder when 271 is divided by c?
11
Let d(g) = -23*g + 428. Wh